520 and 40?
40
What is the greatest common divisor of 497 and 213?
71
What is the greatest common factor of 442 and 578?
34
What is the greatest common divisor of 4 and 124?
4
Calculate the greatest common divisor of 2500 and 4.
4
What is the highest common divisor of 15 and 1125?
15
What is the highest common divisor of 1430 and 26?
26
Calculate the greatest common divisor of 650 and 340.
10
What is the highest common divisor of 544 and 864?
32
What is the highest common factor of 4731 and 133?
19
Calculate the highest common factor of 724 and 24.
4
What is the greatest common divisor of 289 and 153?
17
What is the greatest common divisor of 5 and 4805?
5
Calculate the highest common factor of 505 and 808.
101
What is the highest common factor of 1908 and 36?
36
What is the highest common divisor of 26 and 5226?
26
Calculate the greatest common divisor of 155 and 60.
5
Calculate the highest common factor of 53 and 4505.
53
Calculate the highest common divisor of 1300 and 52.
52
What is the greatest common divisor of 63 and 42?
21
Calculate the greatest common factor of 205 and 328.
41
What is the greatest common divisor of 98 and 3136?
98
Calculate the highest common divisor of 976 and 16.
16
Calculate the greatest common factor of 832 and 128.
64
What is the greatest common divisor of 13 and 1170?
13
What is the highest common factor of 2 and 1006?
2
Calculate the greatest common divisor of 220 and 88.
44
Calculate the greatest common factor of 8 and 20.
4
Calculate the highest common divisor of 391 and 23.
23
Calculate the greatest common factor of 2 and 21.
1
What is the highest common divisor of 884 and 16?
4
Calculate the highest common factor of 10 and 30.
10
Calculate the greatest common factor of 120 and 24.
24
Calculate the highest common divisor of 29950 and 50.
50
What is the highest common factor of 16 and 1112?
8
Calculate the greatest common divisor of 134 and 31222.
134
Calculate the greatest common factor of 38 and 15390.
38
Calculate the greatest common factor of 1143 and 1016.
127
Calculate the greatest common divisor of 34808 and 152.
152
Calculate the greatest common divisor of 91 and 14.
7
What is the greatest common divisor of 986 and 34?
34
What is the greatest common factor of 143 and 156?
13
Calculate the greatest common divisor of 86 and 1247.
43
What is the greatest common divisor of 3660 and 61?
61
Calculate the highest common factor of 869 and 316.
79
What is the highest common factor of 78 and 2982?
6
Calculate the highest common divisor of 1920 and 330.
30
Calculate the greatest common divisor of 259 and 185.
37
What is the highest common factor of 200 and 8?
8
What is the greatest common divisor of 3082 and 603?
67
Calculate the highest common divisor of 50 and 130.
10
What is the highest common divisor of 510 and 408?
102
What is the greatest common divisor of 3621 and 781?
71
What is the highest common factor of 589 and 837?
31
What is the highest common factor of 3 and 5?
1
Calculate the greatest common factor of 318 and 18.
6
What is the highest common divisor of 864 and 64?
32
What is the highest common divisor of 190 and 70?
10
What is the greatest common divisor of 180 and 144?
36
Calculate the highest common divisor of 210 and 5530.
70
What is the highest common divisor of 355 and 145?
5
What is the highest common factor of 1136 and 272?
16
Calculate the highest common factor of 16 and 16.
16
What is the greatest common divisor of 3127 and 106?
53
Calculate the greatest common factor of 19 and 48469.
19
Calculate the highest common divisor of 1452 and 132.
132
Calculate the highest common divisor of 18 and 2250.
18
Calculate the highest common factor of 180 and 12.
12
What is the highest common factor of 5904 and 16?
16
What is the greatest common divisor of 138 and 16629?
69
What is the greatest common divisor of 39 and 9?
3
Calculate the greatest common divisor of 8 and 56.
8
Calculate the highest common divisor of 66 and 2156.
22
What is the highest common divisor of 23 and 23?
23
What is the highest common divisor of 2242 and 76?
38
Calculate the highest common factor of 832 and 52.
52
Calculate the greatest common divisor of 1088 and 128.
64
Calculate the greatest common factor of 254 and 74.
2
Calculate the highest common divisor of 267 and 801.
267
What is the highest common factor of 8509 and 67?
67
Calculate the highest common divisor of 76 and 1900.
76
Calculate the greatest common divisor of 114 and 171.
57
What is the greatest common factor of 392 and 420?
28
What is the highest common factor of 464 and 203?
29
What is the highest common factor of 856 and 4494?
214
Calculate the greatest common factor of 7895 and 15.
5
What is the highest common factor of 4860 and 80?
20
What is the highest common divisor of 3870 and 120?
30
What is the greatest common divisor of 6 and 20?
2
What is the highest common factor of 34 and 6817?
17
Calculate the highest common divisor of 130 and 4992.
26
Calculate the highest common factor of 182 and 4186.
182
Calculate the greatest common factor of 1701 and 1008.
63
What is the highest common divisor of 1058 and 92?
46
Calculate the greatest common divisor of 315 and 3600.
45
What is the highest common divisor of 270 and 1908?
18
What is the highest common factor of 234 and 99?
9
What is the highest common factor of 20 and 25?
5
What is the highest common factor of 69 and 4899?
69
Calculate the greatest common factor of 90 and 360.
90
What is the greatest common divisor of 32 and 256?
32
What is the highest common divisor of 216 and 24?
24
What is the greatest common divisor of 140 and 16460?
20
What is the greatest common factor of 94 and 6?
2
Calculate the highest common divisor of 15 and 46500.
15
Calculate the greatest common divisor of 110 and 9845.
55
What is the greatest common divisor of 143 and 44?
11
What is the highest common divisor of 810 and 90?
90
Calculate the greatest common divisor of 4 and 248.
4
Calculate the highest common factor of 516 and 36.
12
Calculate the greatest common divisor of 28 and 7.
7
Calculate the highest common divisor of 11259 and 139.
139
What is the greatest common factor of 2865 and 15?
15
Calculate the highest common divisor of 437 and 2945.
19
Calculate the highest common factor of 117 and 468.
117
What is the highest common divisor of 532 and 56?
28
What is the highest common factor of 774 and 172?
86
Calculate the greatest common divisor of 26 and 143.
13
Calculate the highest common factor of 14 and 203.
7
Calculate the greatest common factor of 76 and 1216.
76
Calculate the greatest common factor of 342 and 79686.
342
What is the greatest common factor of 3811 and 74?
37
What is the greatest common factor of 1121 and 38?
19
Calculate the highest common divisor of 79 and 1343.
79
Calculate the greatest common factor of 676 and 286.
26
Calculate the greatest common divisor of 95 and 1007.
19
Calculate the greatest common divisor of 209 and 171.
19
Calculate the greatest common divisor of 147 and 1113.
21
Calculate the greatest common divisor of 162 and 90.
18
What is the greatest common factor of 80 and 19980?
20
What is the greatest common factor of 26 and 286?
26
What is the highest common factor of 5 and 27?
1
Calculate the highest common factor of 380 and 76.
76
Calculate the highest common divisor of 195 and 30.
15
Calculate the greatest common factor of 209 and 38.
19
Calculate the greatest common factor of 45 and 5.
5
What is the greatest common divisor of 120 and 408?
24
Calculate the highest common divisor of 98 and 147.
49
What is the greatest common divisor of 15 and 255?
15
Calculate the highest common factor of 178 and 17533.
89
Calculate the greatest common factor of 22 and 4.
2
Calculate the highest common divisor of 589 and 31.
31
Calculate the greatest common factor of 88 and 6568.
8
Calculate the greatest common factor of 736 and 46.
46
What is the greatest common divisor of 52 and 377?
13
Calculate the highest common divisor of 247 and 38.
19
Calculate the highest common factor of 21 and 1407.
21
What is the greatest common factor of 21217 and 49?
49
What is the highest common factor of 5 and 29?
1
Calculate the highest common divisor of 14 and 3.
1
What is the greatest common factor of 63 and